{"id":590,"date":"2022-08-31T17:03:42","date_gmt":"2022-08-31T16:03:42","guid":{"rendered":"https:\/\/ksp.ffzg.unizg.hr\/?page_id=590"},"modified":"2022-09-01T09:02:22","modified_gmt":"2022-09-01T08:02:22","slug":"postani-clan","status":"publish","type":"page","link":"https:\/\/ksp.ffzg.unizg.hr\/index.php\/postani-clan\/","title":{"rendered":"Postani \u010dlan"},"content":{"rendered":"\t\t<div data-elementor-type=\"wp-page\" data-elementor-id=\"590\" class=\"elementor elementor-590\">\n\t\t\t\t\t\t\t\t\t<section class=\"elementor-section elementor-top-section elementor-element elementor-element-939db4c elementor-section-boxed elementor-section-height-default elementor-section-height-default\" data-id=\"939db4c\" data-element_type=\"section\">\n\t\t\t\t\t\t<div class=\"elementor-container elementor-column-gap-default\">\n\t\t\t\t\t<div class=\"elementor-column elementor-col-100 elementor-top-column elementor-element elementor-element-70b0fc8\" data-id=\"70b0fc8\" data-element_type=\"column\">\n\t\t\t<div class=\"elementor-widget-wrap elementor-element-populated\">\n\t\t\t\t\t\t\t\t<div class=\"elementor-element elementor-element-b13a639 elementor-widget elementor-widget-text-editor\" data-id=\"b13a639\" data-element_type=\"widget\" data-widget_type=\"text-editor.default\">\n\t\t\t\t<div class=\"elementor-widget-container\">\n\t\t\t<style>\/*! elementor - v3.7.1 - 14-08-2022 *\/\n.elementor-widget-text-editor.elementor-drop-cap-view-stacked .elementor-drop-cap{background-color:#818a91;color:#fff}.elementor-widget-text-editor.elementor-drop-cap-view-framed .elementor-drop-cap{color:#818a91;border:3px solid;background-color:transparent}.elementor-widget-text-editor:not(.elementor-drop-cap-view-default) .elementor-drop-cap{margin-top:8px}.elementor-widget-text-editor:not(.elementor-drop-cap-view-default) .elementor-drop-cap-letter{width:1em;height:1em}.elementor-widget-text-editor .elementor-drop-cap{float:left;text-align:center;line-height:1;font-size:50px}.elementor-widget-text-editor .elementor-drop-cap-letter{display:inline-block}<\/style>\t\t\t\tStudent\/ica si <b style=\"color:#972529\">pedagogije<\/b> koji\/a ima \u017eelju nau\u010diti ne\u0161to novo o svojoj struci, povezati se s kolegama te sudjelovati u zanimljivim projektima u podru\u010dju pedagogije? Kreativan\/na si i \u017eeli\u0161 to pokazati? Volio\/la bi usavr\u0161iti svoje organizacijske vje\u0161tine i isku\u0161ati se u pedago\u0161koj praksi? Onda si savr\u0161ena osoba za Klub! Kontaktiraj nas preko maila ili dru\u0161tvenih mre\u017ea i postani dio na\u0161e male obitelji. Veselimo ti se!\t\t\t\t\t\t<\/div>\n\t\t\t\t<\/div>\n\t\t\t\t\t<\/div>\n\t\t<\/div>\n\t\t\t\t\t\t\t<\/div>\n\t\t<\/section>\n\t\t\t\t\t\t\t<\/div>\n\t\t","protected":false},"excerpt":{"rendered":"<p>Student\/ica si pedagogije koji\/a ima \u017eelju nau\u010diti ne\u0161to novo o svojoj struci, povezati se s kolegama te sudjelovati u zanimljivim projektima u podru\u010dju pedagogije? Kreativan\/na si i \u017eeli\u0161 to pokazati? Volio\/la bi usavr\u0161iti svoje organizacijske vje\u0161tine i isku\u0161ati se u pedago\u0161koj praksi? Onda si savr\u0161ena osoba za Klub! Kontaktiraj nas [&hellip;]<\/p>\n","protected":false},"author":2,"featured_media":0,"parent":0,"menu_order":0,"comment_status":"closed","ping_status":"closed","template":"","meta":[],"_links":{"self":[{"href":"https:\/\/ksp.ffzg.unizg.hr\/index.php\/wp-json\/wp\/v2\/pages\/590"}],"collection":[{"href":"https:\/\/ksp.ffzg.unizg.hr\/index.php\/wp-json\/wp\/v2\/pages"}],"about":[{"href":"https:\/\/ksp.ffzg.unizg.hr\/index.php\/wp-json\/wp\/v2\/types\/page"}],"author":[{"embeddable":true,"href":"https:\/\/ksp.ffzg.unizg.hr\/index.php\/wp-json\/wp\/v2\/users\/2"}],"replies":[{"embeddable":true,"href":"https:\/\/ksp.ffzg.unizg.hr\/index.php\/wp-json\/wp\/v2\/comments?post=590"}],"version-history":[{"count":7,"href":"https:\/\/ksp.ffzg.unizg.hr\/index.php\/wp-json\/wp\/v2\/pages\/590\/revisions"}],"predecessor-version":[{"id":668,"href":"https:\/\/ksp.ffzg.unizg.hr\/index.php\/wp-json\/wp\/v2\/pages\/590\/revisions\/668"}],"wp:attachment":[{"href":"https:\/\/ksp.ffzg.unizg.hr\/index.php\/wp-json\/wp\/v2\/media?parent=590"}],"curies":[{"name":"wp","href":"https:\/\/api.w.org\/{rel}","templated":true}]}}